lculate the greatest common factor of 2186507 and 989.
43
Calculate the greatest common divisor of 22686 and 950988.
114
What is the greatest common divisor of 1924 and 1577458?
74
What is the greatest common factor of 101190851 and 1054?
527
What is the highest common factor of 8737765 and 6070?
3035
What is the greatest common factor of 3689 and 393295?
119
Calculate the greatest common factor of 972 and 2369364.
12
What is the greatest common divisor of 1862380 and 8?
4
Calculate the greatest common factor of 51540 and 245.
5
Calculate the greatest common divisor of 38718 and 3791496.
1434
Calculate the greatest common factor of 5403986 and 742.
742
What is the highest common divisor of 548596 and 426043?
89
What is the highest common divisor of 160024 and 2701128?
1928
What is the highest common factor of 38880 and 28960?
160
Calculate the greatest common factor of 1552 and 13758868.
388
What is the greatest common divisor of 342 and 24639238?
38
Calculate the greatest common divisor of 78 and 116714.
26
What is the highest common divisor of 3861056 and 25714?
1978
Calculate the highest common divisor of 2362855 and 33.
11
What is the greatest common factor of 642304 and 2912?
416
Calculate the greatest common factor of 34 and 130263928.
34
What is the greatest common factor of 4951882 and 18263?
2609
Calculate the highest common factor of 12108234 and 96162.
282
What is the highest common factor of 31443 and 2256?
141
Calculate the greatest common factor of 328296560 and 16.
16
Calculate the highest common factor of 54901500 and 1800.
300
What is the greatest common factor of 274 and 128097192?
274
Calculate the greatest common factor of 176864 and 1568.
32
What is the greatest common divisor of 48744 and 35888?
8
What is the greatest common factor of 234 and 1146938?
26
Calculate the highest common factor of 7267196 and 114.
38
What is the highest common divisor of 369 and 1589201?
41
Calculate the highest common divisor of 209897 and 48703.
431
What is the highest common factor of 21024 and 5605086?
438
What is the greatest common factor of 3066 and 121657858?
1022
Calculate the greatest common factor of 16195 and 29989901.
3239
Calculate the highest common divisor of 3477367 and 86.
43
What is the greatest common factor of 81 and 3044889?
9
What is the greatest common divisor of 778 and 20906416?
778
What is the greatest common factor of 1707432 and 48?
24
What is the highest common factor of 6545 and 267465?
55
What is the greatest common divisor of 104675 and 32807?
53
Calculate the highest common divisor of 3351 and 27291.
3
Calculate the greatest common divisor of 1308 and 489890472.
1308
What is the highest common divisor of 6446 and 4688?
586
What is the highest common factor of 129210 and 1197930?
2190
What is the greatest common divisor of 55 and 1590424?
11
Calculate the highest common divisor of 4032 and 2831976.
504
Calculate the greatest common divisor of 54 and 4920466.
2
What is the highest common factor of 60817134 and 1666?
98
What is the greatest common divisor of 59922 and 1368?
18
What is the greatest common divisor of 224195503 and 26537?
1561
What is the greatest common divisor of 2164 and 84939164?
2164
What is the greatest common divisor of 1605536 and 5147776?
4192
What is the highest common divisor of 16608564 and 9072?
2268
Calculate the greatest common divisor of 6661136 and 13022.
766
Calculate the highest common factor of 905 and 114435.
5
What is the greatest common factor of 120 and 19439040?
120
Calculate the highest common divisor of 6064 and 239907.
379
What is the greatest common divisor of 69 and 26854179?
69
What is the greatest common factor of 2718002623 and 7?
7
What is the greatest common divisor of 7340148 and 288?
36
Calculate the highest common divisor of 160 and 236622640.
80
Calculate the greatest common divisor of 114 and 63876.
6
What is the highest common factor of 5225 and 29735?
95
Calculate the highest common factor of 54432 and 18603.
27
Calculate the highest common factor of 174864 and 4176.
48
Calculate the greatest common divisor of 63 and 2582784.
9
Calculate the greatest common divisor of 1200 and 4099600.
400
What is the highest common divisor of 1687 and 57773002?
1687
What is the greatest common factor of 16000 and 1068160?
640
What is the highest common divisor of 2005 and 139555?
5
Calculate the highest common factor of 74263590 and 180.
90
Calculate the greatest common divisor of 48594584 and 1840.
184
Calculate the highest common factor of 5040 and 49752.
72
What is the greatest common factor of 494 and 10489349?
247
What is the highest common factor of 51 and 45916439?
17
Calculate the highest common factor of 3379264 and 380.
76
What is the highest common factor of 524331600 and 9918?
3306
What is the greatest common divisor of 8541686 and 100058?
2042
What is the highest common divisor of 13298 and 1095908127?
6649
What is the greatest common divisor of 90 and 19428270?
30
What is the greatest common divisor of 788080333 and 25915?
5183
What is the greatest common factor of 85025 and 10307975?
475
What is the greatest common divisor of 42297 and 18906?
69
Calculate the greatest common divisor of 636082 and 126350.
722
What is the highest common factor of 2923204 and 41048?
2932
Calculate the greatest common divisor of 32935284 and 7524.
684
Calculate the highest common divisor of 1280 and 91799168.
128
Calculate the greatest common factor of 5310 and 13586520.
1770
Calculate the greatest common factor of 9999712 and 18568.
1688
What is the highest common factor of 228555 and 4725?
135
Calculate the highest common divisor of 81 and 48395745.
27
Calculate the greatest common factor of 5032 and 9984672.
296
What is the greatest common divisor of 9378776 and 264374?
4334
What is the greatest common divisor of 344245 and 160?
5
What is the highest common factor of 26444682 and 396?
198
Calculate the greatest common factor of 276896 and 13280.
32
What is the greatest common factor of 3120 and 1123798?
26
What is the highest common factor of 7645 and 174845?
55
Calculate the greatest common divisor of 1196 and 533826228.
1196
What is the highest common divisor of 346611 and 2232?
93
What is the highest common factor of 752442390 and 210?
210
What is the highest common factor of 1016769285 and 210?
105
What is the greatest common factor of 3966292 and 1012?
44
What is the highest common divisor of 251383 and 70279?
11
What is the greatest common factor of 100 and 149425220?
20
What is the greatest common divisor of 2583 and 66780?
63
Calculate the highest common divisor of 15496 and 2718952.
1192
Calculate the greatest common divisor of 150 and 33905100.
150
What is the highest common factor of 99 and 872707?
11
Calculate the greatest common divisor of 23748 and 1638708.
12
What is the highest common divisor of 3359784 and 168?
24
Calculate the greatest common factor of 13799665 and 22.
11
Calculate the highest common factor of 24682489 and 4654.
2327
Calculate the highest common factor of 946493128 and 42.
14
What is the greatest common divisor of 465097791 and 24363?
8121
What is the greatest common factor of 729 and 1073795130?
729
What is the highest common factor of 135444046 and 418?
38
Calculate the greatest common factor of 1228946 and 49628.
1306
Calculate the highest common divisor of 516 and 6042489.
129
What is the highest common divisor of 810 and 263555?
5
What is the highest common divisor of 448064770 and 8275?
1655
What is the highest common divisor of 190217360 and 456?
152
What is the greatest common factor of 746 and 472732367?
373
Calculate the highest common divisor of 82 and 414235546.
82
What is the greatest common factor of 10335392 and 1178?
38
Calculate the greatest common divisor of 267384 and 552.
24
What is the greatest common divisor of 14736678 and 66?
66
What is the highest common divisor of 3635 and 272?
1
Calculate the highest common factor of 231 and 3444177.
33
What is the highest common divisor of 513 and 367614?
9
Calculate the greatest common factor of 3 and 179109492.
3
Calculate the greatest common factor of 31050 and 6674370.
690
Calculate the highest common factor of 96 and 132708.
12
What is the greatest common factor of 1188 a